en v is divided by 22.
19
Let h(v) = v**3 + 6*v**2 + 4*v - 4. Suppose 2*j - 7*j = -5. What is the remainder when h(-5) is divided by j?
0
Suppose 9*p - 11*p + 24 = 0. Calculate the remainder when 22 is divided by p.
10
Let q(h) = -h**3 - 3*h**2 - 5*h - 4. Calculate the remainder when q(-4) is divided by 11.
10
Suppose -5*j - 21 = -3*u, -4*u + 5*j - 1 = -24. Let y(x) = -x + 2 - u*x + 2*x. Calculate the remainder when 33 is divided by y(-7).
6
Suppose 2*c - 31 = -3*d - 9, -5*c + 5*d + 30 = 0. Suppose -136 = -4*y + 4*x, -2*y - x + 13 = -43. What is the remainder when y is divided by c?
6
Suppose 2*u - 20 = -0. Suppose u = 2*o + 2. What is the remainder when 2 + (-39)/(-6) + (-9)/6 is divided by o?
3
Let k = -189 + 200. Suppose -4*u - 9 + 137 = 0. What is the remainder when u is divided by k?
10
Let z = 160 - 136. What is the remainder when z is divided by 15?
9
Let t(u) = 31*u + 1. Calculate the remainder when t(2) is divided by 32.
31
Suppose 0 = 5*g - 25, 0*g + 130 = 5*b - g. What is the remainder when b is divided by 10?
7
Let s be 9/(-2)*(-10)/15. Suppose 2*j = -s*j. Let d(m) = -m**2 + m + 45. What is the remainder when d(j) is divided by 12?
9
Suppose -5*u = -u. Suppose -3*f + 0*f + 78 = u. Suppose -11 = -2*c + 5*a + 7, 0 = -c - a + 9. What is the remainder when f is divided by c?
8
Let b(d) = -d**3 - 4*d**2 - 5*d + 7. Suppose 0*h - 5*h - 2*p - 35 = 0, 4*h - 3*p + 5 = 0. What is the remainder when b(h) is divided by 30?
27
Let z = 100 - 53. What is the remainder when z is divided by 12?
11
Suppose 3*l = -143 + 392. What is the remainder when l is divided by 21?
20
Suppose -4*a + 26 = -2*a. Suppose -5*l - 5 = -25. Let x(y) = 2*y**3 - 7*y**2 + 4*y + 4. What is the remainder when x(l) is divided by a?
10
Let w(n) = n**3 + 14*n**2 + 7. Calculate the remainder when 14 is divided by w(-14).
0
Suppose -k - 2 = -5*v, -k = k + 5*v + 4. Let c = k + 12. Calculate the remainder when c is divided by 7.
3
Let d(w) = w**2 + 2. Let x be d(2). What is the remainder when 21 is divided by (3/x)/(1/22)?
10
Let n(d) = -d + 1. Let o be n(-3). Let g(f) = -f**3 + 4*f**2 + 5*f - 3. Let i(t) = -17*t - 1. What is the remainder when i(-3) is divided by g(o)?
16
Suppose -26 = -4*i + 34. Calculate the remainder when 25 is divided by i.
10
Suppose 16 = 2*d + g + 41, g - 45 = 5*d. Let c(r) = -2*r - 1. Calculate the remainder when (-74)/4*-2 - 0 is divided by c(d).
18
Let t = 5 + -3. Let j(d) = d**3 + d**2 + d - 2. Let x be j(t). What is the remainder when (x/(-14))/((-2)/14) is divided by 4?
2
Let t = 5 - 3. Calculate the remainder when 29 is divided by (-6)/t + 17 + -4.
9
Suppose -3*l - 2*l + 235 = 0. Calculate the remainder when l is divided by 24.
23
Suppose -4*x + 3*x + 16 = 0. Calculate the remainder when x is divided by 6.
4
Let j(r) = 4*r - 38. Let c(i) = 8*i. Calculate the remainder when j(15) is divided by c(1).
6
Let q be 0 - (-3)/((-6)/(-4)). Suppose 3*p + 2 = -3*u - 1, q*u - 16 = 4*p. Calculate the remainder when 30 is divided by (-3)/(2*p/32).
14
Let j(d) = -2*d**2 + 9*d - 2. Calculate the remainder when j(4) is divided by 1.
0
Let q be 4/(-6) + 20/3. Suppose -3*z + 27 = -q. Calculate the remainder when 31 is divided by z.
9
Let r be ((-6)/4)/(3/(-18)). Suppose 0 = y + 3 - r. Let n(m) = m**2 - 4*m - 4. What is the remainder when n(-3) is divided by y?
5
Let y(x) = 2*x**2 + 8*x - 10. Let i(z) = 2*z**2 + 9*z - 11. Let h(k) = -5*i(k) + 6*y(k). What is the remainder when 42 is divided by h(-4)?
12
Let f(z) be the first derivative of z**3/3 + 5*z**2 + 12*z + 4. Calculate the remainder when f(-9) is divided by ((-4)/3)/((-4)/6).
1
Let z(x) = 9*x**3 - 3*x**2 + x - 1. What is the remainder when z(2) is divided by 16?
13
What is the remainder when (-30)/8*64/(-24) is divided by 6?
4
Let z(r) = 42*r + 1. Let j = 2 + -1. Let y = 24 - 13. What is the remainder when z(j) is divided by y?
10
Suppose -3*a = 2*f - 164, 2*a - 2*f = 2*f + 88. Calculate the remainder when -1*2*a/(-8) is divided by 5.
3
Let o(r) = -9*r**2 - 5*r - 8. Let b(y) = -3*y**2 - 2*y - 3. Let f(i) = 17*b(i) - 6*o(i). What is the remainder when 115 is divided by f(4)?
28
Suppose q - 3*w = 14, 2*w + 3 + 1 = 0. Calculate the remainder when 17 is divided by 68/q - (-2)/4.
8
What is the remainder when (-414)/(-14) + (-12)/21 is divided by (1 + 1 - 0) + 13?
14
Suppose k - i + 1 = 0, -k + i = 2*i - 7. Suppose -b = d - 8, 8*b - 5*b - 12 = -d. Calculate the remainder when d is divided by k.
0
Suppose 49 = 3*h - 311. Suppose -3*z = z - h. Calculate the remainder when z is divided by 8.
6
Suppose 3*k + 15 = 0, -2*w = -3*k - 47 + 12. What is the remainder when 39 is divided by w?
9
Let d = 18 - 9. What is the remainder when -34*((-21)/(-6) + -4) is divided by d?
8
Suppose 0 = -c + u + 6, 3*u - 18 = -7*c + 4*c. What is the remainder when c is divided by 4?
2
Let m = 4 + -1. Suppose -m*d + 0*d = -150. What is the remainder when d is divided by (-180)/(-14) + (-3)/(-21)?
11
Let u = -190 - -275. What is the remainder when u is divided by 30?
25
What is the remainder when 70 + ((-15)/3 - -3) is divided by 14?
12
Let q(x) = -x - 3. Let z(f) = 3*f + 8. Let b(m) = -8*q(m) - 3*z(m). Let s = 7 + 1. What is the remainder when s is divided by b(-5)?
3
Suppose -4*w + 11 + 5 = 0. Suppose p = -w*p. Let q = 3 + p. Calculate the remainder when 8 is divided by q.
2
Let g(t) = -t**3 - 5*t**2 + 3. Let h be g(-5). Suppose a + d - 2 = -a, -5*d - 29 = -h*a. Let n = 6 - 1. Calculate the remainder when n is divided by a.
2
Let o(d) = -d**3 - 10*d**2 + 23*d + 16. What is the remainder when 55 - 2*(-1)/(-2) is divided by o(-12)?
26
Let i(n) = -n**3 + 7*n**2 - 6*n + 3. Calculate the remainder when i(4) is divided by (-15)/(-2)*(-40)/(-30).
7
Let p(u) = -u**3 + 3*u**2 + 11*u + 12. Calculate the remainder when 74 is divided by p(5).
6
Let h(p) = p**3 + p**2 - 3*p - 2. Let q be h(-2). Suppose q = t - 18 + 2. What is the remainder when 61 is divided by t?
13
Let v(k) = -k**3 + k**2. Let a be v(0). Suppose a = -3*t - 115 - 35. Let j = 95 + t. What is the remainder when j is divided by 23?
22
Suppose -2*q + q + 2 = 0. Suppose -5*n + 9 = -s + 23, n = -s + q. Suppose 205 = l + s*l. What is the remainder when l is divided by 14?
13
Suppose 15 = 2*t + 3*t. Let p(q) = -3*q + 10. What is the remainder when p(1) is divided by t?
1
Suppose 6 = 6*g - 0. Suppose -3*m = w - 19, -3*w - g = -4*w. Calculate the remainder when 15 is divided by m.
3
Let v = 13 - -15. Suppose -m - v - 7 = -2*d, -m + 33 = 2*d. Calculate the remainder when 50 is divided by d.
16
Let j = -8 - -16. Let h = 29 + -68. What is the remainder when (-2)/((18/h)/3) is divided by j?
5
Calculate the remainder when (-23)/((-2)/4 + (6 - 6)) is divided by 13.
7
Suppose 3*j - s = 244, -2*s + 240 = 3*j + s. Calculate the remainder when j is divided by 21.
18
Let j(i) = -i**2 + 10*i - 5. Suppose 0 = c, -4*c + c = 5*t - 755. Let m = t + -90. Calculate the remainder when m is divided by j(7).
13
Let s be (-2)/(1*3/(-6)). Suppose -4*c = -s*r - 16, -4*c + r - 6*r - 11 = 0. What is the remainder when c is divided by -2 + -2 + 7 - 2?
0
Suppose 15*g - 5*g - 520 = 0. What is the remainder when g is divided by 14?
10
Let k(r) = 20*r - 2. What is the remainder when k(2) is divided by 20?
18
Suppose 2*o = 3*o - 4*t + 9, -5*o + 55 = 5*t. Calculate the remainder when 26 is divided by o.
5
Let j be (0 - -5)/(3/(-6)). Let k = j + 24. What is the remainder when k is divided by 20/12*3*1?
4
Let r(t) = t**3 - 5*t**2 + 7*t - 9. Calculate the remainder when 6 is divided by r(4).
0
Let j = 3 + -1. Suppose 5*n + 5*v - 155 = 0, 2*n - j - 48 = -5*v. Let z(q) = 21*q - 2. What is the remainder when n is divided by z(1)?
16
Let q = -20 + 36. Suppose 32 = 3*i - q. What is the remainder when 47 is divided by i?
15
Let k = 112 - 53. Calculate the remainder when k is divided by 12.
11
What is the remainder when 9 is divided by 4/6*105/14?
4
Let g = 45 + -35. Calculate the remainder when 87 is divided by g.
7
Suppose -g - 78 = -7*g. Let s = g + -8. Suppose -5*w + 63 = 18. Calculate the remainder when w is divided by s.
4
Let n(i) = -i**3 - 3*i**2 - 3. What is the remainder when n(-5) is divided by 16?
15
Let n be (-2)/1*(3 - 2). Let o(m) = 2*m**2 - 3*m - 2. What is the remainder when o(n) is divided by 7?
5
Suppose -5*i - 4*o = 2